)*n/(6/(-8))?
4
Suppose 3*b + 6 = -0*b. Let h be b/(-3) - 1017/27. Let w = h + 76. What is the units digit of w?
9
Let p(i) = 18*i**2 - 28*i - 6. Let d be 1/(-5)*2 - (-132)/(-20). What is the units digit of p(d)?
2
Suppose 13709 + 2451 = 32*m. Suppose -2*y + 119 = -m. What is the tens digit of y?
1
What is the thousands digit of 14 + 20272 + (-21 - -12)?
0
Suppose 4*a = -a + 3*n + 4, 5*n - 16 = -3*a. What is the units digit of 246/a - (0/1 - -1)?
2
Let a = -104 + 76. Let r = a - -24. What is the tens digit of ((-14)/r)/((-3)/(-174))?
0
Suppose -w + 3*k = -0*k + 53, 3*w + k = -139. Let v = w - -47. Suppose v = 3*d + 41 - 296. What is the tens digit of d?
8
Suppose 3*l - 7*j + 6*j = 17, 2*l = -5*j + 34. Let p(a) = 40*a + 68. What is the hundreds digit of p(l)?
3
Let k(y) = -y**2 + 19*y - 10. Let g be k(8). Let l = g - -12. Suppose -2*z + 2*u = -0*u - l, 2*z = -5*u + 76. What is the units digit of z?
3
Let d(r) = 15*r - 19*r + 6 + 6*r. Let n be d(-8). Let s(m) = m**2 + 2*m - 21. What is the units digit of s(n)?
9
Let l be -1 - 53/(-2)*10. Suppose 0 = -3*i + 2*p - 247, -4*i - p - 47 = l. Let j = -44 - i. What is the units digit of j?
5
Suppose 5*i - 10*i = 0. Suppose a - 4*c = 610, -4*a + 5*c - 576 + 3049 = i. What is the units digit of a?
2
Suppose -b + 5*f = -3306 - 1329, -2*b = 2*f - 9210. What is the thousands digit of b?
4
Let a = -198 + 192. What is the hundreds digit of (-3127)/a + 5/(-30)?
5
Let o(i) = -i**3 - 14*i**2 - 49*i - 2. Let c be o(-7). What is the tens digit of 64 - -555 - 1*c?
2
Let x(b) = b**3 + 3*b**2 - 3*b + 58. Let z be x(12). Suppose -z - 743 = -9*m. What is the tens digit of m?
2
Suppose -317*m = -2*x - 319*m + 11418, -4*x = 5*m - 22837. What is the hundreds digit of x?
7
Let k = 25 + -5. Let n(m) = 2*m - 18. Let j be n(k). Let b = j - -24. What is the tens digit of b?
4
Suppose -9*m = -11*m - 46. Let c = 21 + m. Let x(f) = -5*f**3 + 2*f**2 + 3*f + 2. What is the units digit of x(c)?
4
Let x(r) be the third derivative of r**6/120 - 2*r**5/3 + 5*r**4/24 - 49*r**3/6 + 38*r**2 - r. What is the tens digit of x(40)?
5
Let z(o) = -173*o - 159. What is the thousands digit of z(-12)?
1
Let j = -7428 + 13724. What is the tens digit of j?
9
Let w(x) = 3502*x**2 - 2074*x - 2. What is the ten thousands digit of w(3)?
2
Suppose -9*x = -97 - 65. Suppose 53*d - 51*d - x = 0. Suppose -d*u + 944 = -u. What is the tens digit of u?
1
Let o be (-5)/(-5)*(127 - 2). Suppose i - 71 = -h, 139 = 4*h - i - o. What is the units digit of h?
7
Suppose -10*t - 3 = 7. Let s(l) = l**3 - 19*l**2 - 20*l - 24. Let n(i) = -i**2 + 1. Let j(o) = t*s(o) + 4*n(o). What is the units digit of j(16)?
2
Suppose 8*r = 2*r + 18. Let h(z) = 14 + 5*z - z**r + 14*z - 2*z + 15*z**2. What is the units digit of h(16)?
0
Let l(q) = q**2 - 6*q - 9. Let g be l(7). Let n be 50/15 - g/3. What is the units digit of 0 + -1 + 44/n?
0
What is the thousands digit of ((-5)/(-50)*22852)/((-14)/(-245))?
9
Suppose 987 = -4*m - d, -16*m + 11*m - 1239 = -4*d. What is the tens digit of (3*m)/((-9)/6)?
9
Suppose 1995 + 1380 = 15*u. Suppose -h = 2*j - u, 33 = j + 3*h - 82. What is the tens digit of j?
1
Let s(q) = 620*q**3 + 12*q**2 + 5*q - 15. What is the ten thousands digit of s(3)?
1
Let z = 258 + -260. What is the tens digit of 4 + -3 + 1*(z + 127)?
2
Let a be -1 + 0/5 + 4. Suppose 0 = -a*o - 2*f + 295, 5*f - 475 = -5*o + 10. What is the tens digit of o?
0
Let s be 4/(204/43101) + (-4)/34. Let u = s + 330. What is the tens digit of u?
7
Let w(k) = k**3 + 10*k**2 + 4*k - 1. Let h be w(-5). Let y be (-6)/(40/(-10) + (4 - 1)). What is the units digit of 21824/h - y/(-39)?
0
Let z(k) = -k**3 - 4*k**2 + 239*k - 231*k + 11901 - 11905. Let t(u) = -u**2 + u + 5. Let h be t(4). What is the tens digit of z(h)?
8
What is the hundreds digit of 8 - -4 - 1697328/(-27)?
8
Suppose 0 = 2*k - 2*p - 14340, -936 = 3*k + 4*p - 22439. What is the units digit of k?
9
Suppose -6*x = -5*x + 3*y - 14, -3*x = -2*y + 2. Let k(l) = 46*l**2 - 7*l. What is the tens digit of k(x)?
7
Suppose 5*v - 13 = -3. What is the hundreds digit of (-13 - 15)/(v/(-31))?
4
Suppose 0 = -11*j + 15*j - 4448. Suppose 25*t + j = 29*t. Let o = t - 158. What is the units digit of o?
0
Suppose 8*x - 1369 = 4*k + 3*x, 2*k + 4*x + 678 = 0. Let s = k + 478. What is the units digit of s?
7
Suppose -2*z + 0*w + 1 = -3*w, -25 = -5*w. Let s = z - 13. Let o(p) = -p**3 - 4*p**2 - p - 1. What is the tens digit of o(s)?
2
Let b(t) = 2*t**2 + 93*t + 127. Let m be b(-47). Suppose 14*f = 20*f - m. What is the tens digit of f?
2
Suppose 5*t - 483 = -16*t. What is the tens digit of t + 271 + (1*-1 - 4)?
8
Let c(i) = 97*i**2 - 80*i + 18. What is the thousands digit of c(6)?
3
Let v = -798 - -1150. Suppose -22*s + 18*s = -16. Suppose 3*m - 4*c + 114 - v = 0, s*m + c - 330 = 0. What is the tens digit of m?
8
What is the units digit of 22524 - (-1)/8*-56?
7
Let z be 1103/(-2) - (0 - 3)/6. What is the units digit of (-3 - z/2)*2?
5
Let m = 273 - 272. Suppose 5*i = 2*x - 831, -m = i + 2. What is the hundreds digit of x?
4
Let j(a) = -1046*a - 2025. What is the units digit of j(-5)?
5
Suppose -154500 = -110*v + 35*v. What is the hundreds digit of v?
0
Let v be (0 - 2 - 27/(-18))*12. Let h(i) = -i**3 - 5*i**2 - 7*i + 6. Let z be h(v). Let n = z - 12. What is the tens digit of n?
7
Let a(t) = 3*t**2 + 92*t + 718. What is the ten thousands digit of a(-90)?
1
Let z = -14256 + 20732. What is the tens digit of 3/30 - z/(-40)?
6
Suppose 24 = -0*r + 3*r. Let a = 820 + -815. Let p = r - a. What is the units digit of p?
3
Suppose -4*c - 102 + 350 = 0. Let d = c - 60. What is the units digit of 4/(((-2)/(-47))/d)?
8
Let m = 627 - 421. Let k = m + -60. What is the hundreds digit of k?
1
Let p(r) be the third derivative of r**4/24 + 55*r**3/6 + 7*r**2 - 1. What is the tens digit of p(-4)?
5
Let l be (1*1628)/((-5)/35). What is the tens digit of 1/(-2) - (l/(-8))/(-11)?
2
What is the tens digit of (333/(-135) + 1/(-5))/(34/(-23511))?
4
Let k be -270*((-50)/3 - 0). Suppose 33*d = 23*d + k. What is the tens digit of d?
5
Suppose 6*p = -449 - 1303. Let t = 1034 - p. What is the tens digit of t?
2
Suppose 0 = -165*b + 273078 + 1148892. What is the hundreds digit of b?
6
Suppose 252*h + 9976 = 163*h + 132*h. What is the tens digit of h?
3
Suppose 5*h - 2*h - 37 = -4*l, -4*l + 16 = -4*h. Suppose -121 = l*m - 695. Let r = m - -104. What is the tens digit of r?
8
Let b(p) = -2*p + 36. Let i be b(19). What is the units digit of i - (1 - 38)*(-3 + 4)?
5
Suppose -233*s = 294*s - 30562838. What is the hundreds digit of s?
9
Let h = 32 + 0. Suppose h*f - 35*f + 759 = 0. What is the units digit of f?
3
Let j = -2667 - -3177. What is the tens digit of j?
1
What is the tens digit of (-95116)/(-215)*10/4?
0
Suppose -1181*h - 39963 = -1192*h. What is the tens digit of h?
3
Let v = -462 + 467. Suppose -3*l - v*k + 253 = 0, 11*k - 16*k + 167 = 2*l. What is the tens digit of l?
8
Suppose -272102 = -36*l + 41782. What is the hundreds digit of l?
7
Let k(z) = -48894*z**3 - 12*z**2 - 12*z - 3. What is the hundreds digit of k(-1)?
8
Let a be 419/4 + (-5)/(-20). What is the tens digit of (-3)/(-7) - (-7620)/a?
7
Suppose 2*y - 3*a + 499 = 3418, 4*a + 2914 = 2*y. Suppose 1461*w = y*w - 4488. What is the units digit of w?
8
Let f = 2862 + -1521. What is the tens digit of f?
4
Suppose -73 = -j + 2*t + 2862, -2*j - 3*t = -5835. Let z = j + -1591. What is the thousands digit of z?
1
Suppose 6*g + 11 = 59. Suppose 0 = g*s - 457 - 231. What is the tens digit of s?
8
Suppose -5*x - 3*w = -23706, 5*x = -10*w + 13*w + 23694. Suppose -j + x = 11*j. What is the units digit of j?
5
Suppose -2*x + 120*f + 2844 = 119*f, 5*x = 4*f + 7116. What is the hundreds digit of x?
4
Suppose -63*j + 12445 + 17165 = 0. What is the hundreds digit of j?
4
What is the thousands digit of (2 - -2035) + 22/(-33)*9?
2
Let a = 121 + -116. Suppose -2*q = -5*m - 139, -3*q + 8*q = a*m + 130. Let u = 278 + m. What is the tens digit of u?
4
Suppose 20*k + z = 21*k + 1, -2*k + 2 = -z. Suppose -4*n - 4 = 0, -7*j + 2*j = k*n - 2572. What is the hundreds digit of j?
5
Let d(u) = -11044*u - 5. Let s be d(-1). Suppose -392 + s = 7*k. What is the hundreds digit of k?
5
What is the ten thousands digit of (2 - -4)/2 - (-40 + -34721)?
3
Let b = 21 + 